{"id":35,"date":"2011-10-22T16:58:08","date_gmt":"2011-10-22T16:58:08","guid":{"rendered":"http:\/\/www.danzataiji.it\/public\/wordpress\/?page_id=35"},"modified":"2023-12-12T20:00:00","modified_gmt":"2023-12-12T20:00:00","slug":"dvd","status":"publish","type":"page","link":"http:\/\/www.danzataiji.it\/public\/wordpress\/libro-e-dvd\/dvd\/","title":{"rendered":"Dvd Tai Ji, la Danza del Tao"},"content":{"rendered":"\t\t<div data-elementor-type=\"wp-post\" data-elementor-id=\"35\" class=\"elementor elementor-35\">\n\t\t\t\t\t\t<section class=\"elementor-section elementor-top-section elementor-element elementor-element-3144 elementor-section-boxed elementor-section-height-default elementor-section-height-default\" data-id=\"3144\" data-element_type=\"section\">\n\t\t\t\t\t\t<div class=\"elementor-container elementor-column-gap-default\">\n\t\t\t\t\t<div class=\"elementor-column elementor-col-100 elementor-top-column elementor-element elementor-element-7164\" data-id=\"7164\" data-element_type=\"column\">\n\t\t\t<div class=\"elementor-widget-wrap elementor-element-populated\">\n\t\t\t\t\t\t<div class=\"elementor-element elementor-element-5e2d elementor-widget elementor-widget-text-editor\" data-id=\"5e2d\" data-element_type=\"widget\" data-widget_type=\"text-editor.default\">\n\t\t\t\t<div class=\"elementor-widget-container\">\n\t\t\t\t\t\t\t\t\t<div><p style=\"text-align: center;\" align=\"center\"><span style=\"color: #800080;\"><strong>\u00a0 \u00a0 \u00a0 \u00a0 \u00a0 \u00a0 \u00a0\u00a0<span style=\"color: #ff0000;\">VIDEO DVD\u00a0<\/span><\/strong><strong><span style=\"color: #ff0000;\">di GIUSEPPE URSELLI<\/span> \u00a0 \u00a0 \u00a0 \u00a0 \u00a0 \u00a0 \u00a0 \u00a0 \u00a0 \u00a0 \u00a0 \u00a0 \u00a0 \u00a0 \u00a0 \u00a0 \u00a0 \u00a0<\/strong><\/span><\/p><p style=\"text-align: center;\" align=\"center\"><span style=\"color: #ff0000;\"><strong>TAI JI, LA DANZA DEL<\/strong><strong> TAO &#8211;\u00a0<\/strong><strong>I cinque elementi della Natura e le forme del Cerchio<\/strong><\/span><\/p><p align=\"center\"><a href=\"http:\/\/www.danzataiji.it\/public\/wordpress\/wp-content\/uploads\/2019\/01\/COPERTINA-TAJ-URSELLI-tagliata.jpg\"><img fetchpriority=\"high\" decoding=\"async\" class=\"aligncenter wp-image-3439\" src=\"http:\/\/www.danzataiji.it\/public\/wordpress\/wp-content\/uploads\/2019\/01\/COPERTINA-TAJ-URSELLI-tagliata.jpg\" alt=\"\" width=\"289\" height=\"417\" srcset=\"http:\/\/www.danzataiji.it\/public\/wordpress\/wp-content\/uploads\/2019\/01\/COPERTINA-TAJ-URSELLI-tagliata.jpg 805w, http:\/\/www.danzataiji.it\/public\/wordpress\/wp-content\/uploads\/2019\/01\/COPERTINA-TAJ-URSELLI-tagliata-208x300.jpg 208w, http:\/\/www.danzataiji.it\/public\/wordpress\/wp-content\/uploads\/2019\/01\/COPERTINA-TAJ-URSELLI-tagliata-768x1108.jpg 768w, http:\/\/www.danzataiji.it\/public\/wordpress\/wp-content\/uploads\/2019\/01\/COPERTINA-TAJ-URSELLI-tagliata-710x1024.jpg 710w\" sizes=\"(max-width: 289px) 100vw, 289px\" \/><\/a><\/p><p style=\"text-align: justify;\"><strong>Questo video<\/strong>\u00a0offre la possibilit\u00e0 di apprendere alcune forme essenziali del Tai Ji e la filosofia del Tao per una vita equilibrata. Il Tai Ji \u00e8 eseguito dal maestro Giuseppe Urselli con i suoi studenti al mare, in campagna, tra ulivi ed eucalipti. <strong>Ogni forma \u00e8 ripetuta tre volte<\/strong> e <strong>viene mostrata da diverse angolazioni<\/strong>. Alcune riprese sono state effettuate durante un corso settimanale estivo in Puglia presso il centro Vivere il Tao Italia. I movimenti sono accompagnati dal flauto di bamboo, da semplici descrizioni ed immagini poetiche. Con il Tai Ji ci si muove con grazia e senza sforzo in accordo con la natura. <strong>Il video \u00e8 un buon compagno del <a href=\"http:\/\/www.danzataiji.it\/public\/wordpress\/?page_id=13\">libro Tai Ji, Danzare la Vita<\/a>.<\/strong><\/p><p style=\"text-align: justify;\"><a href=\"http:\/\/www.danzataiji.it\/public\/wordpress\/?page_id=9\"><strong>Giuseppe Urselli<\/strong><\/a> \u00e8 filosofo-artista, maestro di Tai Ji, laureato in psicologia. Conduce corsi annuali in Puglia e seminari in tutta Italia ed all&#8217;estero dal 1993. E\u2019 allievo del maestro di fama mondiale <strong>Chungliang Al Huang<\/strong> ed \u00e8 socio della Living Tao Foundation (Illinois, Usa). E\u2019 autore del <strong>libro Tai Ji, Danzare la Vita<\/strong>.<\/p><p><strong>Recensioni\u00a0<\/strong><\/p><p>&#8221; <em>Un dvd molto interessante ed ispirante. I movimenti aggraziati ed armoniosi del maestro Giuseppe Urselli comunicano una profonda sensazione di pace e serenit\u00e0 e trasportano in uno spazio senza tempo &#8230; cullati dal suono dolce del flauto e delle onde che fanno da accompagnamento alle immagini. Le forme sono spiegate in modo molto chiaro e sono facilmente replicabili. L&#8217;approccio originale di Giuseppe Urselli, che abbraccia anche gli aspetti filosofici e psicologici del Tai Ji, mantenendo allo stesso tempo l&#8217;istintivit\u00e0 e la naturalezza del movimento, mi ha fatto assaporare appieno i benefici di questa pratica millenaria, aiutandomi a ritrovare il mio centro. Lo consiglio a tutti !<\/em> &#8221; <strong>Vanessa Martini<\/strong><\/p><p style=\"text-align: justify;\">&#8221; <em>Il maestro Giuseppe Urselli in questo dvd illustra con competenza tecnica e con grande gioia come il Tai Ji possa essere una Via per vivere la vita in equilibrio fisico, energetico e mentale.<\/em> &#8221;\u00a0<strong>Francesco Curci<\/strong>, maestro di Tai Chi<\/p><p style=\"text-align: justify;\">Prima di recarsi al lavoro i cinesi amano raccogliere le loro energie eseguendo gli esercizi del Qi Gong e le forme del Tai Ji Quan (o Tai Chi Chuan). Alle prime ore del mattino moltissime persone affollano i parchi praticando i loro esercizi in religioso silenzio. Il Tai Ji \u00e8 un\u2019antica pratica cinese, definita spesso <strong>meditazione in movimento<\/strong>, che aiuta a <strong>ritrovare calma e rilassamento<\/strong>. Attualmente si stima che circa cento milioni di persone in Cina e in tutto il mondo conoscono e praticano gli esercizi del Qi Gong (o Chi Kung, esercizi di respirazione) e del Tai Ji. La pratica, che consiste in una serie di fluidi movimenti eseguiti lentamente e con consapevolezza, <strong>fa acquistare grazia, coordinazione ed equilibrio psicofisico favorendo sentimenti di pace interiore e di rigenerazione<\/strong>. Il Tai Ji \u00e8 alla portata di tutti, anziani e giovani, in forma o no. La lentezza e la fluidit\u00e0 dei movimenti energetici donano serenit\u00e0 e calma liberando il corpo e la mente dalle tensioni e dallo stress. In genere il Tai Ji Quan \u00e8 conosciuto e praticato come una sintesi tra arte marziale, metodo terapeutico e meditazione in movimento.\u00a0<em>\u201cMolte persone apprendono e praticano forme altamente codificate di Tai Ji Quan imitando solo esteriormente i movimenti e perdendone cos\u00ec l\u2019essenza. Il Tai Ji che\u00a0propongo e pratico comporta alcune variazioni rispetto al Tai Ji Quan tradizionale inteso come arte marziale. Preferisco danzare il Tai Ji con creativit\u00e0 incoraggiando i miei studenti a scoprire il proprio Tao, la propria via. Tai Ji \u00e8 un termine dal significato vasto ed include la meditazione intesa in senso lato ed il lavoro sulla consapevolezza.\u201d\u00a0<\/em><a href=\"http:\/\/www.danzataiji.it\/public\/wordpress\/?page_id=9\"><strong><em>Giuseppe Urselli<\/em><\/strong><\/a><\/p><\/div><p><iframe src=\"https:\/\/www.youtube.com\/embed\/ALiv9Ca7Z1I\" width=\"480\" height=\"360\" frameborder=\"0\"><\/iframe><br \/><iframe style=\"border: none; overflow: hidden;\" src=\"https:\/\/www.facebook.com\/plugins\/like.php?href=https%3A%2F%2Fwww.facebook.com%2FTai-Ji-Vivere-il-Tao-Italia-183607311660755%2F%3Ffref%3Dts&amp;width=300&amp;layout=standard&amp;action=like&amp;size=small&amp;show_faces=true&amp;share=true&amp;height=80&amp;appId\" width=\"300\" height=\"80\" frameborder=\"0\" scrolling=\"no\"><\/iframe><\/p><p style=\"text-align: justify;\">\u00a0<\/p>\t\t\t\t\t\t\t\t<\/div>\n\t\t\t\t<\/div>\n\t\t\t\t\t<\/div>\n\t\t<\/div>\n\t\t\t\t\t<\/div>\n\t\t<\/section>\n\t\t\t\t<\/div>\n\t\t","protected":false},"excerpt":{"rendered":"<p>\u00a0 \u00a0 \u00a0 \u00a0 \u00a0 \u00a0 \u00a0\u00a0VIDEO DVD\u00a0di GIUSEPPE URSELLI \u00a0 \u00a0 \u00a0 \u00a0 \u00a0 \u00a0 \u00a0 \u00a0 \u00a0 \u00a0 \u00a0 \u00a0 \u00a0 \u00a0 \u00a0 \u00a0 \u00a0 \u00a0 TAI JI, LA DANZA DEL TAO &#8211;\u00a0I cinque elementi della Natura e le forme del Cerchio Questo video\u00a0offre la possibilit\u00e0 di apprendere alcune forme essenziali del Tai [&hellip;]<\/p>\n","protected":false},"author":1,"featured_media":0,"parent":1804,"menu_order":0,"comment_status":"closed","ping_status":"closed","template":"","meta":{"site-sidebar-layout":"default","site-content-layout":"default","ast-site-content-layout":"","site-content-style":"default","site-sidebar-style":"default","ast-global-header-display":"","ast-banner-title-visibility":"","ast-main-header-display":"","ast-hfb-above-header-display":"","ast-hfb-below-header-display":"","ast-hfb-mobile-header-display":"","site-post-title":"","ast-breadcrumbs-content":"","ast-featured-img":"","footer-sml-layout":"","theme-transparent-header-meta":"default","adv-header-id-meta":"","stick-header-meta":"","header-above-stick-meta":"","header-main-stick-meta":"","header-below-stick-meta":"","astra-migrate-meta-layouts":"default","ast-page-background-enabled":"default","ast-page-background-meta":{"desktop":{"background-color":"","background-image":"","background-repeat":"repeat","background-position":"center center","background-size":"auto","background-attachment":"scroll","background-type":"","background-media":"","overlay-type":"","overlay-color":"","overlay-opacity":"","overlay-gradient":""},"tablet":{"background-color":"","background-image":"","background-repeat":"repeat","background-position":"center center","background-size":"auto","background-attachment":"scroll","background-type":"","background-media":"","overlay-type":"","overlay-color":"","overlay-opacity":"","overlay-gradient":""},"mobile":{"background-color":"","background-image":"","background-repeat":"repeat","background-position":"center center","background-size":"auto","background-attachment":"scroll","background-type":"","background-media":"","overlay-type":"","overlay-color":"","overlay-opacity":"","overlay-gradient":""}},"ast-content-background-meta":{"desktop":{"background-color":"var(--ast-global-color-5)","background-image":"","background-repeat":"repeat","background-position":"center center","background-size":"auto","background-attachment":"scroll","background-type":"","background-media":"","overlay-type":"","overlay-color":"","overlay-opacity":"","overlay-gradient":""},"tablet":{"background-color":"var(--ast-global-color-5)","background-image":"","background-repeat":"repeat","background-position":"center center","background-size":"auto","background-attachment":"scroll","background-type":"","background-media":"","overlay-type":"","overlay-color":"","overlay-opacity":"","overlay-gradient":""},"mobile":{"background-color":"var(--ast-global-color-5)","background-image":"","background-repeat":"repeat","background-position":"center center","background-size":"auto","background-attachment":"scroll","background-type":"","background-media":"","overlay-type":"","overlay-color":"","overlay-opacity":"","overlay-gradient":""}},"footnotes":""},"class_list":["post-35","page","type-page","status-publish","hentry"],"_links":{"self":[{"href":"http:\/\/www.danzataiji.it\/public\/wordpress\/wp-json\/wp\/v2\/pages\/35","targetHints":{"allow":["GET"]}}],"collection":[{"href":"http:\/\/www.danzataiji.it\/public\/wordpress\/wp-json\/wp\/v2\/pages"}],"about":[{"href":"http:\/\/www.danzataiji.it\/public\/wordpress\/wp-json\/wp\/v2\/types\/page"}],"author":[{"embeddable":true,"href":"http:\/\/www.danzataiji.it\/public\/wordpress\/wp-json\/wp\/v2\/users\/1"}],"replies":[{"embeddable":true,"href":"http:\/\/www.danzataiji.it\/public\/wordpress\/wp-json\/wp\/v2\/comments?post=35"}],"version-history":[{"count":57,"href":"http:\/\/www.danzataiji.it\/public\/wordpress\/wp-json\/wp\/v2\/pages\/35\/revisions"}],"predecessor-version":[{"id":6130,"href":"http:\/\/www.danzataiji.it\/public\/wordpress\/wp-json\/wp\/v2\/pages\/35\/revisions\/6130"}],"up":[{"embeddable":true,"href":"http:\/\/www.danzataiji.it\/public\/wordpress\/wp-json\/wp\/v2\/pages\/1804"}],"wp:attachment":[{"href":"http:\/\/www.danzataiji.it\/public\/wordpress\/wp-json\/wp\/v2\/media?parent=35"}],"curies":[{"name":"wp","href":"https:\/\/api.w.org\/{rel}","templated":true}]}}